*(-12)/(-10). Let n = 0 + h. Suppose 5*w - n*m - 158 = 0, -3*m + 34 + 50 = 3*w. What is the tens digit of w?
3
What is the tens digit of (-3)/(((-21)/2)/7) - -94?
9
Suppose -6*s - 17 = -59. Let u(k) = 3*k**2 - 11*k - 3. What is the tens digit of u(s)?
6
Suppose 2024 - 9 = 5*i. What is the units digit of i?
3
Suppose 7*o - 4*m - 312 = 9*o, 8 = -2*m. Let p = -41 - o. What is the units digit of p?
7
Let x(r) = -2*r**3 + r**2 + r + 527. What is the tens digit of x(0)?
2
Suppose 4*q = -x + 501, -4*q + 6*q = -2*x + 252. What is the units digit of q?
5
Let x be 1/(-2) + (-49)/(-14). Suppose 80 = -x*r + 8*r. What is the units digit of 229/4 - 4/r?
7
Suppose 0 = -y + g + 2*g + 575, y + g = 587. What is the units digit of y?
4
Suppose 3*d + 179 = -343. Let m = 256 + d. What is the units digit of m?
2
Let w(x) = x - 8. Let p be w(6). What is the units digit of (p/10)/(3/(-915))?
1
Let t(n) = -n**3 + 4*n**2 + 15*n + 13. What is the tens digit of t(0)?
1
Let p = 1106 - 105. What is the tens digit of p?
0
Suppose -4*c + 3*o + 475 = -0*c, 0 = -2*c + 3*o + 245. Suppose 5*w + c = 5*p, 5*p = 2*p - 3. What is the tens digit of 0 + 0 - (w + 5)?
1
Let o = 640 - 229. What is the tens digit of o?
1
Let w be (-8 - -11) + 50 + 0. What is the units digit of (-1 - w)/((-51)/170)?
0
Suppose -o + 110 + 236 = 0. Suppose -5*i + o = 1. What is the tens digit of i?
6
Suppose 36*b - 1220 = 32*b. What is the units digit of b?
5
Let b = -3336 + 1346. What is the tens digit of (-2)/11 - b/55?
3
Suppose -5*h + h - 24 = 2*l, 0 = l - 2*h + 12. Let m = -12 - l. Suppose p - 4*c + m*c = 30, 2*p - 30 = 2*c. What is the tens digit of p?
1
Suppose -5*p + 3*p - 5*w + 4136 = 0, -5*w = 10. What is the thousands digit of p?
2
Let p be -1 + 9/(-3) - 39. Let q = -35 - p. What is the units digit of q?
8
Let z = 31 - 29. Suppose -z*o + 3*o + 37 = 0. Let s = 90 + o. What is the tens digit of s?
5
Let a = -1265 + 2469. What is the tens digit of a?
0
Let p(o) = 425*o**2 - 65*o + 188. What is the hundreds digit of p(3)?
8
Let o = 68 - 70. What is the hundreds digit of (o + 12/18)*216*-1?
2
Let v = 1019 - 499. What is the tens digit of v?
2
Let b = -686 - -1365. What is the tens digit of b?
7
Suppose 1278*h - 1272*h - 9114 = 0. What is the thousands digit of h?
1
Let p(u) = 148*u**2 + 5*u - 49. What is the units digit of p(-6)?
9
Let h(d) be the second derivative of 2*d**3 - d + 15/2*d**2 + 13/12*d**4 + 1/20*d**5 + 0. What is the units digit of h(-12)?
5
Let f = -70 - -30. What is the units digit of 4/(f/415)*-1*2?
3
What is the units digit of 59/(-4 - (-195)/48)?
4
Let r = 1 - 14. Let d = r + 8. What is the units digit of ((-6)/d)/(10/25)?
3
Let j = -1908 + 3732. What is the hundreds digit of j?
8
Let f(s) = -23*s + 4. Let h be f(-2). Let p = h - 37. What is the units digit of p?
3
Let l(i) = -6*i. Let c(v) = 2*v**2 + 4*v + 4. Let a be c(-2). Suppose 4*k + 11 = -3*n, -k + 22 = -3*k + a*n. What is the tens digit of l(k)?
3
Let t(o) = 104*o**2 + 10. What is the thousands digit of t(5)?
2
Let z = 1570 - 1119. What is the units digit of z?
1
Suppose -5*h + 4*h = -6. Suppose -h*p + 144 = -3*p. Suppose -3*v = -0*b + 3*b - p, -4*v = 3*b - 65. What is the units digit of v?
7
Suppose 5*v = 0, -3*i + 2*v = -0*i - 1317. What is the hundreds digit of i?
4
Suppose 5*t + 2*b - 6*b - 8 = 0, b = -t + 7. Suppose -o + 3 = -2*o - 5*k, -o = t*k + 2. What is the tens digit of o + 59 - 9/3?
5
Let f(y) be the first derivative of -y**3/3 - 15*y**2 - 44*y - 40. What is the units digit of f(-20)?
6
Suppose -4*b + 3*d = 25, 2*b - d + 7 = -4. Let f be (-13)/(-3) - b/(-12). Suppose -3*z + 167 = 4*x, z = -z - f*x + 110. What is the tens digit of z?
5
Suppose -2*m - 2*b = -4150, 5*m - 4*b + 6*b = 10390. What is the tens digit of m?
8
Let r = -25 - -72. Suppose 4 = 2*d, 2*d + 38 = -3*x - 51. Let z = x + r. What is the units digit of z?
6
Let w = 255 - 126. Suppose -2*o = o - w. What is the units digit of o?
3
Let y be 151/3 + (-16)/12. Let h(d) = d**2 + d + 2. Let z be h(0). What is the tens digit of (-1)/(-2)*z + y?
5
Let z be (-1 + 4)*2/15*10. What is the units digit of (-12)/z + (-207)/(-3)?
6
What is the units digit of 1/8 + (-7962)/(-48)?
6
Let u(h) = -268*h + 104. What is the hundreds digit of u(-6)?
7
Suppose 792 = -4*m - 2*m. Let x be m/(-4) - -4 - 3. Let u = -1 + x. What is the units digit of u?
3
Suppose 0 = -5*s + 9*s - 56. Let g be s/(-4)*20/(-7). Let a = 35 + g. What is the units digit of a?
5
Let j(o) be the second derivative of -o**3/6 + 4*o. Let a be j(-12). Let b = -5 + a. What is the units digit of b?
7
Let z be ((-90)/4)/(-5) + 6/(-4). Suppose 5*p = -z*b + 715, -4*b + 3*b - 4*p = -229. What is the tens digit of b?
4
Let u be 0 - (2 - 2)/(-4). Suppose -2*w + 3 + 5 = u. Suppose 0 = -5*r - 0 + 10, -w*z = -4*r - 112. What is the tens digit of z?
3
What is the tens digit of ((-8 - -6) + 0)*-919 + -6?
3
Suppose -67*x = -29*x - 304. What is the units digit of x?
8
Let s(p) = 49*p**2 - 26*p + 193. What is the thousands digit of s(8)?
3
What is the thousands digit of (-15646)/(-14) + 92/(-161)?
1
Let v be (0 - 6)*(5 - (-90)/(-12)). Suppose -3*a + 57 - 15 = 0. Let u = v - a. What is the units digit of u?
1
Suppose 3*x - 390 = -2*x. Let y = 138 - x. What is the tens digit of y?
6
Suppose 3*p + 2*p = -5*w - 5, 0 = -4*w - 2*p - 2. Suppose 5*u + w*u - 20 = 0, 5*t - 147 = -3*u. Let g = t + -14. What is the units digit of g?
3
Suppose 9*n - 5*n + 96 = -2*b, 0 = -n + 2. Suppose -104 = -20*u + 76. Let a = u - b. What is the units digit of a?
1
Suppose -10*a + 2526 = -4*a. What is the hundreds digit of a?
4
Suppose a - 3 + 1 = 0. Let p(r) = -r + 6. Let u be p(a). Suppose 0 = -5*o - 4*h - 0*h + 116, -2*o - u*h + 56 = 0. What is the tens digit of o?
2
Suppose -162 = 19*q - 17*q. Let b = q - -135. What is the units digit of b?
4
Suppose -3*y = d - 0*y - 2776, -5*d + 13856 = 3*y. What is the units digit of d?
0
What is the hundreds digit of 52551/72 - (-3)/24?
7
Let f = 480 - 481. Let v(j) = -4*j + 2*j - 33*j**3 - 1 + 0. What is the tens digit of v(f)?
3
Suppose -2*w = y + 23, 5*y = -0*y - w - 79. Let s = y - -47. What is the tens digit of s?
3
Let u = 22 - 15. Suppose -4*f + u = -5. Let v = f + 13. What is the units digit of v?
6
Let g be -3 - (12/(-4) + 2). Let j be (-3)/g - 3/2. Suppose -6*u = -12 - j. What is the units digit of u?
2
Suppose 4*s - 2*s = -48. Let t = -10 - s. Suppose -t = -3*v + 7. What is the units digit of v?
7
Let w = -36 - -36. Suppose w*l - 56 = 7*l. Let h(z) = 2*z**2 + 5*z - 12. What is the units digit of h(l)?
6
Suppose -187*b + 157*b + 1950 = 0. What is the tens digit of b?
6
Let i = 228 + -162. Suppose 2*f = 4*f - i. What is the tens digit of f?
3
Suppose -d = -4 + 7. What is the tens digit of 2/(8/1540*5) + d?
7
Let j(r) = 3*r**2 + 5*r - 2. Suppose -2*v - 2*f = f - 3, v - 4*f + 26 = 0. What is the units digit of j(v)?
6
Suppose p = -3*p - 84. Let q(k) = -8*k. Let c be q(-3). Let l = c + p. What is the units digit of l?
3
Suppose -5*c = 3*q - 2, -q = 2*q - 12. Let j be 1/c*8/(-2). What is the units digit of (-4)/(-8) + 61/j?
1
Suppose -7*u = -6*u - 30. Let v be (4/(-5))/(2/u). What is the units digit of 0 - v - 18/(-9)?
4
Suppose 2*x - 22 = 22. Suppose -1 = s - x. What is the units digit of s?
1
Suppose 18*y - 25*y + 952 = 0. What is the units digit of y?
6
Suppose 5*p - 8 = 2. Suppose -10 = -7*f + p*f. Suppose 3*o = -f*d + 29, 0 = 5*d + o - 0*o - 40. What is the units digit of d?
7
Let y(p) = 103*p - 5. Let s = -109 + 111. What is the units digit of y(s)?
1
Suppose -2*m + 6198 = 3*s + m, 5*s - 10339 = 4*m. What is the thousands digit of s?
2
Let r(t) = t**2 - 10*t + 8. Let y be r(-8). Suppose 0 = -3*q + 12, z - y + 47 = -5*q. Let o = z - 59. What is the tens digit of o?
2
Suppose -g - 8 = -3*g, -17 = -h - 5*g. Let c(w) = -w**3 - 4*w**2 - 4*w. Let z be c(h). What is the units digit of z - 0 - (-96)/2?
1
Let p = 119 + 189. Let v = 521 - p. What is the hundreds digit of v?
2
Let b be 4 - (-1)/(-4 + 3). Suppose -b*x = -62 - 88. What is the tens digit of x?
5
Let b = 38 + -35. Suppose -b*l = -24 - 39. What is the units digit of l?
1
Suppose -3*z + 8*z - 80 = 0. Let y = -14 + z. Suppose y*a - 52 = -3*q, 2*q + 78 = 3*a + q. What is the units digit of a?
6
Let y = -236 - -252. What is the units digit of y?
6
L